{"id":50,"date":"2022-01-17T08:11:13","date_gmt":"2022-01-17T08:11:13","guid":{"rendered":"http:\/\/siguldaspv.lv\/wp1\/?page_id=50"},"modified":"2022-08-31T15:08:10","modified_gmt":"2022-08-31T12:08:10","slug":"skola","status":"publish","type":"page","link":"https:\/\/siguldaspv.edu.lv\/?page_id=50","title":{"rendered":"Skola"},"content":{"rendered":"<div class=\"wp-block-image is-style-default\">\n<figure class=\"aligncenter size-large is-resized\"><img loading=\"lazy\" decoding=\"async\" src=\"https:\/\/siguldaspv.edu.lv\/wp-content\/uploads\/2022\/02\/sauklis_lapai.svg\" alt=\"\" class=\"wp-image-226\" width=\"817\" height=\"117\"\/><\/figure>\n<\/div>\n\n\n<p><strong>Siguldas pils\u0113tas vidusskolas misija<\/strong> &#8211; ir k\u013c\u016bt par skolu, kas nodro\u0161ina daudzveid\u012bgu, piel\u0101gotu un kvalitat\u012bvu m\u0101c\u012b\u0161an\u0101s pieredzi skol\u0113niem un skolot\u0101jiem un rada vidi, kur\u0101 skol\u0113niem ir iesp\u0113ja  sap\u0146ot, augt un uzplaukt!<\/p>\n\n\n\n<p><strong>Siguldas pils\u0113tas vidusskolas v\u012bzija par skol\u0113niem<\/strong> ir rad\u012bt t\u0101dus apst\u0101k\u013cus, kuros skol\u0113ns atbild\u012bgi izturas pret savu izaugsmi un m\u0113r\u0137u izvirz\u012b\u0161anu, veido pozit\u012bvu person\u012bbu, pie\u0146em un \u012bsteno l\u0113mumus patst\u0101v\u012bgi un atbild par savas r\u012bc\u012bbas sek\u0101m, k\u0101 ar\u012b nebaid\u0101s r\u012bkoties! <\/p>\n\n\n\n<p><strong>Siguldas pils\u0113tas vidusskolas <\/strong>v\u0113rt\u012bbas ir <strong>IZAUGSME, INDIVIDUALIT\u0100TE <\/strong>un<strong> GOD\u012aGUMS!<\/strong><\/p>\n\n\n\n<p><\/p>\n\n\n\n<div class=\"wp-block-buttons is-content-justification-center is-layout-flex wp-container-core-buttons-is-layout-16018d1d wp-block-buttons-is-layout-flex\">\n<div class=\"wp-block-button has-custom-width wp-block-button__width-100 is-style-fill\"><a class=\"wp-block-button__link\" href=\"https:\/\/siguldaspv.edu.lv\/?page_id=175\" style=\"border-radius:10px\">Izgl\u012bt\u012bbas programmas<\/a><\/div>\n\n\n\n<div class=\"wp-block-button has-custom-width wp-block-button__width-100 is-style-fill\"><a class=\"wp-block-button__link\" href=\"https:\/\/siguldaspv.edu.lv\/wp-content\/uploads\/2022\/03\/SPV_Merki_rez_raditaji_fin.pdf\" style=\"border-radius:10px\" target=\"_blank\" rel=\"noreferrer noopener\">Skolas m\u0113r\u0137i<\/a><\/div>\n\n\n\n<div class=\"wp-block-button has-custom-width wp-block-button__width-100 is-style-fill\"><a class=\"wp-block-button__link\" href=\"https:\/\/siguldaspv.edu.lv\/?page_id=171\" style=\"border-radius:10px\">Skolas administr\u0101cija<\/a><\/div>\n\n\n\n<div class=\"wp-block-button has-custom-width wp-block-button__width-100 is-style-fill\"><a class=\"wp-block-button__link\" href=\"https:\/\/siguldaspv.edu.lv\/?page_id=330\" style=\"border-radius:10px\">Atbalsta person\u0101ls<\/a><\/div>\n\n\n\n<div class=\"wp-block-button has-custom-width wp-block-button__width-100 is-style-fill\"><a class=\"wp-block-button__link\" href=\"https:\/\/siguldaspv.edu.lv\/?page_id=569\" style=\"border-radius:10px\">Skolot\u0101ji<\/a><\/div>\n\n\n\n<div class=\"wp-block-button has-custom-width wp-block-button__width-100 is-style-fill\"><a class=\"wp-block-button__link\" href=\"https:\/\/siguldaspv.edu.lv\/?page_id=339\" style=\"border-radius:10px\">Kla\u0161u audzin\u0101t\u0101ji<\/a><\/div>\n<\/div>\n\n\n\n<p><\/p>\n","protected":false},"excerpt":{"rendered":"<p>Siguldas pils\u0113tas vidusskolas misija &#8211; ir k\u013c\u016bt par skolu, kas nodro\u0161ina daudzveid\u012bgu, piel\u0101gotu un kvalitat\u012bvu m\u0101c\u012b\u0161an\u0101s pieredzi skol\u0113niem un skolot\u0101jiem un rada vidi, kur\u0101 skol\u0113niem ir iesp\u0113ja sap\u0146ot, augt un uzplaukt! Siguldas pils\u0113tas vidusskolas v\u012bzija par skol\u0113niem ir rad\u012bt t\u0101dus apst\u0101k\u013cus, kuros skol\u0113ns atbild\u012bgi izturas pret savu izaugsmi un m\u0113r\u0137u izvirz\u012b\u0161anu, veido pozit\u012bvu person\u012bbu, pie\u0146em &#8230; <a title=\"Skola\" class=\"read-more\" href=\"https:\/\/siguldaspv.edu.lv\/?page_id=50\" aria-label=\"Read more about Skola\">Las\u012bt t\u0101l\u0101k<\/a><\/p>\n","protected":false},"author":1,"featured_media":0,"parent":0,"menu_order":0,"comment_status":"closed","ping_status":"closed","template":"","meta":{"inline_featured_image":false,"footnotes":""},"class_list":["post-50","page","type-page","status-publish"],"_links":{"self":[{"href":"https:\/\/siguldaspv.edu.lv\/index.php?rest_route=\/wp\/v2\/pages\/50","targetHints":{"allow":["GET"]}}],"collection":[{"href":"https:\/\/siguldaspv.edu.lv\/index.php?rest_route=\/wp\/v2\/pages"}],"about":[{"href":"https:\/\/siguldaspv.edu.lv\/index.php?rest_route=\/wp\/v2\/types\/page"}],"author":[{"embeddable":true,"href":"https:\/\/siguldaspv.edu.lv\/index.php?rest_route=\/wp\/v2\/users\/1"}],"replies":[{"embeddable":true,"href":"https:\/\/siguldaspv.edu.lv\/index.php?rest_route=%2Fwp%2Fv2%2Fcomments&post=50"}],"version-history":[{"count":18,"href":"https:\/\/siguldaspv.edu.lv\/index.php?rest_route=\/wp\/v2\/pages\/50\/revisions"}],"predecessor-version":[{"id":574,"href":"https:\/\/siguldaspv.edu.lv\/index.php?rest_route=\/wp\/v2\/pages\/50\/revisions\/574"}],"wp:attachment":[{"href":"https:\/\/siguldaspv.edu.lv\/index.php?rest_route=%2Fwp%2Fv2%2Fmedia&parent=50"}],"curies":[{"name":"wp","href":"https:\/\/api.w.org\/{rel}","templated":true}]}}