{"id":1011,"date":"2024-10-23T14:05:38","date_gmt":"2024-10-23T11:05:38","guid":{"rendered":"https:\/\/siguldaspv.edu.lv\/?page_id=1011"},"modified":"2024-10-23T14:19:45","modified_gmt":"2024-10-23T11:19:45","slug":"atbalsta-biedriba","status":"publish","type":"page","link":"https:\/\/siguldaspv.edu.lv\/?page_id=1011","title":{"rendered":"Atbalsta biedr\u012bba"},"content":{"rendered":"\n<p><em>M\u016bsu skol\u0101 darbojas Siguldas pils\u0113tas vidusskolas atbalsta biedr\u012bba, kuras galvenais m\u0113r\u0137is ir ieg\u016bt papildus finans\u0113jumu, lai atbalst\u012btu Siguldas pils\u0113tas vidusskolas skol\u0113nus, un to&nbsp;labkl\u0101j\u012bbu m\u016bsu skol\u0101.<\/em><\/p>\n\n\n\n<p><em>Siguldas pils\u0113tas vidusskolas atbalsta biedr\u012bbas rekviz\u012bti:<\/em><\/p>\n\n\n\n<p><em><strong>Bankas konta numurs &#8211; LV70HABA0551058996097<\/strong><\/em><\/p>\n\n\n\n<p><em>Banka &#8211; A\/S SWEDBANK<\/em><\/p>\n\n\n\n<p><em>SA\u0145\u0112M\u0112JS &#8211; SIGULDAS PILS\u0112TAS VIDUSSKOLAS ATBALSTA BIEDR\u012aBA<\/em><\/p>\n\n\n\n<p><em>K\u0101 maks\u0101juma m\u0113r\u0137i nor\u0101d\u012bt &#8211; ziedojums biedr\u012bbai.<\/em><\/p>\n\n\n\n<p><em>Ziedojumi ir \u013coti svar\u012bgi, un J\u016bs varat noziedot naudu un nek\u0101di cit\u0101d\u0101k neiesaist\u012bties biedr\u012bbas darb\u0101, tom\u0113r ja J\u016bs v\u0113laties k\u013c\u016bt par biedr\u012bbas biedru, un b\u016bt da\u013ca no \u0161\u012bs akt\u012bv\u0101s komandas, kas darbojas \u0161aj\u0101 biedr\u012bb\u0101 un pie\u0146em l\u0113mumus par biedr\u012bbas priorit\u0101t\u0113m, pl\u0101niem un bud\u017eeta izlieto\u0161anu skolas vajadz\u012bb\u0101m, tad Jums ir j\u0101izpilda pielikum\u0101 e-pastam pievienotais dokuments &#8211; iesniegums par iest\u0101\u0161anos biedr\u012bb\u0101 k\u0101 biedr\u012bbas biedram, j\u0101paraksta tas ar elektronisko parakstu un j\u0101nos\u016bta uz biedr\u012bbas ofici\u0101lo e-pastu &#8211;&nbsp;<a target=\"_blank\" rel=\"noreferrer noopener\">spvatbalstabiedriba@gmail.com<\/a>&nbsp;un ir j\u0101samaks\u0101 biedr\u012bbas biedra nauda 20 EUR apm\u0113ra (biedr\u012bbas biedra gada maksa). Tikai biedr\u012bbas biedriem kopsapulc\u0113s ir ties\u012bbas lemt un piedal\u012bties balso\u0161an\u0101 par biedr\u012bbas jaut\u0101jumiem.<\/em><\/p>\n\n\n\n<p><em>Jaut\u0101jumu gad\u012bjum\u0101 par biedr\u012bbu v\u0113rsties pie skolot\u0101ja Austra Lak\u0161as!<\/em><\/p>\n\n\n\n<p><a href=\"https:\/\/siguldaspv.edu.lv\/wp-content\/uploads\/2024\/10\/SPV-AB-statuti.pdf\">Siguldas pils\u0113tas vidusskolas atbalsta biedr\u012bbas stat\u016bti<\/a><\/p>\n\n\n\n<p><a href=\"https:\/\/siguldaspv.edu.lv\/wp-content\/uploads\/2024\/10\/biedriba_biedra_piekrisana-SPV-AB-1.doc\">Siguldas pils\u0113tas vidusskolas atbalsta biedr\u012bbas biedra iesniegums<\/a><\/p>\n","protected":false},"excerpt":{"rendered":"<p>M\u016bsu skol\u0101 darbojas Siguldas pils\u0113tas vidusskolas atbalsta biedr\u012bba, kuras galvenais m\u0113r\u0137is ir ieg\u016bt papildus finans\u0113jumu, lai atbalst\u012btu Siguldas pils\u0113tas vidusskolas skol\u0113nus, un to&nbsp;labkl\u0101j\u012bbu m\u016bsu skol\u0101. Siguldas pils\u0113tas vidusskolas atbalsta biedr\u012bbas rekviz\u012bti: Bankas konta numurs &#8211; LV70HABA0551058996097 Banka &#8211; A\/S SWEDBANK SA\u0145\u0112M\u0112JS &#8211; SIGULDAS PILS\u0112TAS VIDUSSKOLAS ATBALSTA BIEDR\u012aBA K\u0101 maks\u0101juma m\u0113r\u0137i nor\u0101d\u012bt &#8211; ziedojums biedr\u012bbai. Ziedojumi &#8230; <a title=\"Atbalsta biedr\u012bba\" class=\"read-more\" href=\"https:\/\/siguldaspv.edu.lv\/?page_id=1011\" aria-label=\"Read more about Atbalsta biedr\u012bba\">Las\u012bt t\u0101l\u0101k<\/a><\/p>\n","protected":false},"author":1,"featured_media":0,"parent":0,"menu_order":0,"comment_status":"closed","ping_status":"closed","template":"","meta":{"inline_featured_image":false,"footnotes":""},"class_list":["post-1011","page","type-page","status-publish"],"_links":{"self":[{"href":"https:\/\/siguldaspv.edu.lv\/index.php?rest_route=\/wp\/v2\/pages\/1011","targetHints":{"allow":["GET"]}}],"collection":[{"href":"https:\/\/siguldaspv.edu.lv\/index.php?rest_route=\/wp\/v2\/pages"}],"about":[{"href":"https:\/\/siguldaspv.edu.lv\/index.php?rest_route=\/wp\/v2\/types\/page"}],"author":[{"embeddable":true,"href":"https:\/\/siguldaspv.edu.lv\/index.php?rest_route=\/wp\/v2\/users\/1"}],"replies":[{"embeddable":true,"href":"https:\/\/siguldaspv.edu.lv\/index.php?rest_route=%2Fwp%2Fv2%2Fcomments&post=1011"}],"version-history":[{"count":5,"href":"https:\/\/siguldaspv.edu.lv\/index.php?rest_route=\/wp\/v2\/pages\/1011\/revisions"}],"predecessor-version":[{"id":1020,"href":"https:\/\/siguldaspv.edu.lv\/index.php?rest_route=\/wp\/v2\/pages\/1011\/revisions\/1020"}],"wp:attachment":[{"href":"https:\/\/siguldaspv.edu.lv\/index.php?rest_route=%2Fwp%2Fv2%2Fmedia&parent=1011"}],"curies":[{"name":"wp","href":"https:\/\/api.w.org\/{rel}","templated":true}]}}